?
True
Suppose f + 5*k + 403 = 0, 0*f + 5*f = 4*k - 2073. Let m = f + 275. Is (m/(-1 + -1))/1 composite?
True
Let s = 2366 - 1585. Is s composite?
True
Let d(s) = 2*s**3 - 9*s**2 + 53*s - 21. Is d(8) prime?
False
Let r be 8/(-10)*(4 - -1). Is r/6 + (-7014)/(-18) a composite number?
False
Suppose 0 = -y + 5*x - 156, -2*y - 387 = -4*x - 99. Let a = 1779 + y. Is a composite?
True
Suppose 2*d + 3*f - 5*f + 2 = 0, 0 = 4*d - f - 11. Let l(u) = d*u - 2 - 3*u + 56*u**2 + 28*u**2 + 3. Is l(-2) composite?
True
Let d(k) = k**3 + 12*k**2 - 14*k - 11. Let a be d(-13). Suppose -a = m - 2*m. Let q(p) = 25*p + 1. Is q(m) prime?
False
Suppose -13 + 3 = -2*q, -h = -2*q - 3093. Is h a prime number?
False
Let v(k) = 25*k**3 - 12*k**2 - 6*k + 34. Is v(9) composite?
True
Let q(i) = 5891*i**2 + 13*i + 19. Is q(-2) a prime number?
True
Is -1*391*4/(-4) prime?
False
Let t = -6 + 11. Suppose 4762 = 4*l - q - q, -l + 1168 = -t*q. Is l prime?
True
Let i be 2/(657/(-658) - -1). Let p = -919 + i. Let m = p - 158. Is m a prime number?
True
Let w(g) = 3*g + 33*g - 5 - 2 + 12*g. Let z(o) = o**3 + o**2 - 4*o + 3. Let s be z(2). Is w(s) a composite number?
True
Let t(h) = -h**2 + 6*h - 20 + 33 - 18. Let d be t(6). Is (118/(-10))/(d/25) a prime number?
True
Let f be (-20)/8*(-762)/5. Let u = f + -236. Is u prime?
False
Suppose -4*d - 69 = -2*m - 5*d, 0 = 3*d - 15. Suppose -4*z + 4*f + m = 0, -3*z - 3*f = z - 11. Suppose 0 = z*g - 678 - 112. Is g a prime number?
False
Let k(p) = -2*p**2 - 95*p - 4. Is k(-33) composite?
False
Let m = 5 - 2. Suppose -5*t - 5*u + m + 2 = 0, 5 = -4*t + 5*u. Suppose -4*v = 4*p - t*v - 276, -3*p + 5*v + 191 = 0. Is p composite?
False
Suppose -2*h - 2*h = -6*h. Is 1689 + (h - (-4 + 8)) composite?
True
Let k(g) = 1633*g + 5. Is k(2) a composite number?
False
Let p(l) = l**3 - 4*l**2 + l - 1. Let a be p(4). Suppose -2*f - a*f + 60 = 0. Is 4*(285/f + -2) prime?
False
Let r(k) = -k**2 - 5*k + 6. Let g be r(-5). Let v(y) = 3*y**3 + y**2 + 13. Is v(g) composite?
True
Let k(p) = 9*p**3 - 10*p**2 - 7*p + 7. Let y(m) = m**3 - m**2 + 1. Let i(o) = k(o) - 4*y(o). Is i(5) a prime number?
True
Suppose -2 = -3*p + 4*p. Let k(g) = 4*g**3 + 2*g**2 + g - 2. Let d be k(p). Let i = d - -67. Is i a composite number?
True
Let k(n) = -559*n + 616. Is k(-69) a composite number?
True
Let m(h) = -h**2 - 7*h - 3. Let y be m(-7). Let d = y - -3. Suppose 2*v + 2*v - 316 = d. Is v prime?
True
Is 1/(6 - 373983/124662*2) composite?
True
Let s(b) = 80*b - 3. Suppose -26 = -4*a + 3*y, -3*a + 3*y + 7 = 7*y. Is s(a) prime?
True
Suppose 9*r - 35 = 1. Suppose 4*u - l - 889 = 0, 5*u + r*l - 2*l - 1095 = 0. Is u a composite number?
True
Let a = -6150 + 9415. Is a a composite number?
True
Suppose 4*u - 4*h + 6*h - 3124 = 0, 0 = -5*h. Let r = 2344 - u. Is r prime?
False
Let i = 3 - 11. Let t = i + 23. Is (-292 - -1)*(-5)/t a prime number?
True
Let m(x) = x**3 - 2*x**2 - 3*x + 4. Let w be m(3). Suppose -4*d - 3*j - 3 = 0, -w*j - 28 + 5 = -d. Suppose -415 = -d*i + 362. Is i prime?
False
Let h = -120 + 120. Suppose -3*d - 4*f - 112 = -467, 3*f - 12 = h. Is d composite?
False
Is 21207/(4*24/32) a composite number?
False
Let l be (1 - (-8)/(-12))*-2*-6. Suppose -5*y + 14040 = 10*k - 7*k, l*k = 2*y - 5642. Is y prime?
False
Let n(d) = -7*d + 228. Let f be n(0). Let u = 304 + -159. Let j = f - u. Is j a composite number?
False
Let g = -13 + 12. Let a be (-4)/6 - 177/(-9). Is (a/(-3))/(g/3) a composite number?
False
Suppose -2*g = -0*g + 2*i - 2310, -3*i = -4*g + 4655. Suppose 3*w + 2*w = 4*r + g, 1160 = 5*w + 4*r. Let l = -111 + w. Is l a prime number?
False
Let r(b) = 16*b - 38. Let i be r(21). Let n = 839 - i. Is n prime?
True
Suppose -21*l - 11002 = -23*l. Is l prime?
True
Suppose -3*x - 1891 = 5*k - 8167, 3*k = 3*x + 3780. Suppose 0 = 38*r - 41*r + k. Is r composite?
False
Let g = 3732 - 1336. Suppose 0 = 5*n - g - 959. Is n composite?
True
Suppose -789*m = -801*m + 45492. Is m prime?
False
Is (3 - 729)/(-6) - -6 composite?
False
Let u(n) = n**3 - 14*n - n**2 + 2 - 1 + 9*n. Let g be u(4). Suppose 2*b - 7*b + 75 = 5*s, 3*s - 5*b - g = 0. Is s a composite number?
False
Let s = 1469 + 90. Is s composite?
False
Let z(b) = b**2 - 5*b + 4. Let o be 1 - (1 - 7) - 1. Let u be z(o). Suppose u*d - 11*d = -83. Is d prime?
True
Let n(i) = 7*i - 21. Let p(o) = -4*o + 11. Let x(v) = -3*n(v) - 5*p(v). Let d be x(6). Suppose 2*m = 2*u - 0*m - 1172, d*m + 10 = 0. Is u a composite number?
True
Let a = 85 - 51. Suppose -u - 49 = 5*w + a, -4*u + w - 248 = 0. Let l = -26 - u. Is l a composite number?
False
Suppose 3*i = -4*q + 3823, 4*i - 1277 = 3*i - 4*q. Is i prime?
False
Suppose -2*y = -7244 - 2624. Is y a prime number?
False
Suppose o = 3*l + 4*o, -o = -2. Is 956*(l + (-39)/(-12)) a composite number?
True
Let h be (-2 + -52 + -3)/((-3)/98). Suppose 6*u = -h + 9536. Is u composite?
False
Let l be 0 + 7 + 0 + -2. Suppose -l*k = -6*k + 579. Is k a composite number?
True
Let q be 6*1*2035/(-10). Let j = 580 - q. Is j prime?
True
Is (-1)/11 - 10716/(-22) prime?
True
Let t = 1606 - 2954. Is ((-5)/2 - -1)*t/6 composite?
False
Suppose 4*y + 22 = 6. Is (1418/y)/((-2)/4) a composite number?
False
Suppose -5*v - k + 2479 + 993 = 0, -4*k = -2*v + 1380. Is v a prime number?
False
Let l(b) be the first derivative of b**3 + 734*b + 35. Is l(0) a composite number?
True
Let l = 2793 - 671. Is l a composite number?
True
Suppose -4*k + 16762 + 24358 = 4*m, 0 = m + 4*k - 10283. Is m prime?
False
Suppose -8192 = -10*t - 1962. Is t composite?
True
Let j(n) = -20*n - 26*n - 63*n - 2. Let a be j(-3). Let u = -106 + a. Is u a prime number?
False
Let h = 2944 - 296. Suppose -12*r + 4*r + h = 0. Is r prime?
True
Is 1148 + ((-36)/60 - 36/(-10)) a prime number?
True
Let t(q) = -19*q**2 - 3*q + 2. Let d(k) = -20*k**2 - 3*k + 2. Let h(z) = 3*d(z) - 4*t(z). Is h(5) prime?
False
Let o = 18 + -20. Is o/3*426/(-4) prime?
True
Let k = -22247 - -33018. Is k a prime number?
True
Let l(w) = w - 6. Let f be l(6). Suppose 4*q + 789 = 5*q - d, f = -3*d + 6. Is q composite?
True
Suppose -2497 = -3*m - 205. Suppose 2*s + 5 = 15, 0 = j + 3*s - m. Is j composite?
True
Suppose -50*h = 5*n - 49*h - 1983, -3*h + 391 = n. Is n prime?
True
Let i(a) = a**3 + 10*a**2 - 11*a + 6. Let k be i(-11). Suppose 9*l = k*l - 27. Is (-3768)/l + (-1)/(-3) a prime number?
True
Let x(v) = 224*v - 1. Let s = 29 + -26. Is x(s) a prime number?
False
Let d be (-9)/6 + (-802)/(-4). Suppose 0 = 2*j + d - 1133. Is j prime?
True
Suppose 2*f - 10 = -2*s, -f = 2*s + 2*f - 14. Suppose -2*u + 13 - s = 0. Suppose 3*x + 464 = 4*g, 2*g - x = u*g - 448. Is g a composite number?
False
Let b = -341 - -229. Let c be b/(-18) + (-34)/153. Is 3*-2*(-79)/c prime?
True
Let s = 0 - -46. Let l = 9 + s. Is l composite?
True
Let c(q) be the third derivative of q**6/15 - q**5/20 + q**4/8 - q**3/6 + 5*q**2. Let g be c(3). Suppose -g = -3*d + 5*o, -3*o - o = -20. Is d a prime number?
False
Let n = 17 + -14. Let s(c) = -c + 3. Let z be s(n). Suppose z = -5*y + 4*x + 533, -x = x - 6. Is y a composite number?
False
Suppose 0 = c + 4*n - 2263, 4*c + 6747 = 7*c - 2*n. Is c prime?
True
Suppose 0 = -0*p + 7*p. Suppose 3*w + 3*a - 5*a = 847, -2*a + 8 = p. Is (12/10)/(6/w) a prime number?
False
Suppose 0 = -18*l + 5*l + 14131. Is l a composite number?
False
Let j = -9542 + 18205. Is j a composite number?
False
Suppose g = a - 2230 + 572, 0 = 3*a - 2*g - 4970. Let m = -909 + a. Is m composite?
True
Is (-29917*(-1)/2)/(2/4) prime?
True
Is (32/80 - 127974/10)*-1 prime?
False
Suppose -3*i + 10 - 1 = 0. Suppose i*r - 538 - 689 = 0. Is r a composite number?
False
Let q(g) = -31448*g + 63. Is q(-1) a prime number?
True
Let w = 125711 - 88953. Is w composite?
True
Let k = -1424 - -2121. Suppose -4*c = -3*c - k. Is c prime?
False
Let g(h) = h**3 + h**2 - h + 2. Let j be g(0). Suppose -8*x + 264 = -j*x. Let c = 351 - x. Is c composite?
False
Let c = 33 - 18. Let a = c - 12. Suppose a*p = -2*p + 395. Is p composite?
False
Suppose 5*h - 20 = 5. Let f(d) = -h*d - 2*d - 2*d + 2*d - 19. Is f(-8) prime?
True
Suppose 3*u = -2*m + 81, -4*m = -0*u + 2*u - 62. Suppose -5*z + 404 = 3*v + 124, -5*v = -u. Is z prime?
True
Let o(n) = n**3 + 6*n**2 - 8*n - 5. Let g be o(-7). Suppose 7*l - 2435 = g*l. Is l composite?
False
Let y = 4 + -4.